 and 1683?
153
What is the greatest common factor of 676 and 351?
13
Calculate the greatest common factor of 267 and 356.
89
What is the highest common factor of 154 and 176?
22
Calculate the highest common factor of 6150 and 450.
150
Calculate the greatest common factor of 22 and 1408.
22
Calculate the highest common divisor of 12 and 4032.
12
What is the highest common factor of 1269 and 1647?
27
Calculate the greatest common factor of 9399 and 117.
39
Calculate the greatest common divisor of 160 and 20.
20
Calculate the greatest common divisor of 808 and 16.
8
Calculate the greatest common divisor of 760 and 608.
152
Calculate the highest common factor of 23543 and 13.
13
Calculate the greatest common divisor of 58 and 2.
2
What is the highest common divisor of 64 and 460?
4
Calculate the greatest common divisor of 360 and 380.
20
Calculate the greatest common divisor of 777 and 42.
21
What is the highest common factor of 344 and 602?
86
What is the greatest common factor of 1032 and 24?
24
Calculate the greatest common factor of 2004 and 12.
12
Calculate the highest common factor of 24 and 3.
3
What is the highest common factor of 385 and 105?
35
Calculate the highest common factor of 14 and 4711.
7
What is the highest common divisor of 702 and 52?
26
Calculate the highest common factor of 6915 and 135.
15
Calculate the greatest common divisor of 32147 and 93.
31
Calculate the highest common divisor of 36 and 4050.
18
Calculate the greatest common factor of 7322 and 14.
14
Calculate the greatest common divisor of 14 and 14826.
14
Calculate the highest common divisor of 2 and 1318.
2
What is the highest common divisor of 87 and 6351?
87
Calculate the greatest common factor of 592 and 32.
16
Calculate the highest common factor of 52 and 13.
13
Calculate the highest common divisor of 24 and 1884.
12
What is the highest common divisor of 78 and 546?
78
Calculate the greatest common divisor of 26 and 20.
2
Calculate the highest common divisor of 143 and 11.
11
What is the highest common factor of 8 and 2416?
8
What is the greatest common factor of 3382 and 38?
38
Calculate the greatest common divisor of 40 and 380.
20
What is the greatest common factor of 5 and 55?
5
Calculate the highest common divisor of 23 and 1403.
23
What is the highest common divisor of 48 and 36?
12
What is the highest common divisor of 12 and 588?
12
Calculate the highest common factor of 3492 and 485.
97
Calculate the greatest common factor of 316 and 15563.
79
What is the highest common divisor of 140 and 220?
20
What is the greatest common divisor of 17 and 629?
17
What is the highest common divisor of 602 and 14?
14
What is the greatest common divisor of 267 and 34977?
267
Calculate the greatest common factor of 3 and 225.
3
Calculate the highest common factor of 4 and 172.
4
What is the greatest common divisor of 27 and 18?
9
What is the greatest common factor of 555 and 105?
15
Calculate the highest common factor of 32 and 28128.
32
Calculate the greatest common factor of 160 and 110.
10
Calculate the greatest common factor of 8 and 134.
2
Calculate the highest common divisor of 888 and 777.
111
What is the highest common divisor of 2180 and 5?
5
Calculate the highest common divisor of 132 and 2178.
66
Calculate the greatest common divisor of 58 and 2407.
29
Calculate the greatest common factor of 320 and 100.
20
Calculate the highest common divisor of 159 and 1219.
53
What is the greatest common factor of 5 and 40835?
5
What is the greatest common factor of 252 and 486?
18
What is the highest common divisor of 575 and 23?
23
Calculate the highest common divisor of 205 and 125.
5
What is the highest common factor of 3060 and 540?
180
Calculate the greatest common factor of 164 and 20.
4
What is the highest common divisor of 410 and 328?
82
Calculate the highest common divisor of 2 and 142.
2
Calculate the greatest common factor of 75 and 1475.
25
What is the greatest common factor of 32 and 128?
32
Calculate the greatest common divisor of 224 and 252.
28
What is the greatest common divisor of 29 and 1421?
29
Calculate the highest common factor of 99 and 1243.
11
What is the greatest common factor of 55 and 605?
55
Calculate the greatest common factor of 51 and 5066.
17
Calculate the highest common factor of 697 and 17.
17
Calculate the highest common factor of 369 and 492.
123
Calculate the highest common divisor of 45 and 360.
45
Calculate the highest common factor of 2552 and 1144.
88
Calculate the highest common factor of 13024 and 22.
22
What is the greatest common factor of 66 and 616?
22
What is the highest common factor of 63 and 924?
21
Calculate the highest common divisor of 837 and 9.
9
Calculate the greatest common divisor of 855 and 27.
9
What is the greatest common divisor of 20 and 712?
4
What is the greatest common factor of 893 and 1957?
19
Calculate the highest common divisor of 2 and 204.
2
Calculate the highest common divisor of 604 and 12.
4
Calculate the highest common factor of 297 and 957.
33
What is the highest common divisor of 5 and 7195?
5
Calculate the greatest common divisor of 21 and 3367.
7
Calculate the highest common divisor of 44 and 77.
11
Calculate the greatest common factor of 288 and 558.
18
Calculate the greatest common factor of 48 and 368.
16
Calculate the highest common factor of 28 and 32788.
28
What is the highest common divisor of 63 and 420?
21
Calculate the highest common divisor of 1116 and 36.
36
Calculate the greatest common factor of 95 and 1938.
19
Calculate the greatest common factor of 818 and 2.
2
What is the highest common factor of 1 and 159?
1
Calculate the highest common factor of 170 and 65.
5
What is the highest common factor of 52 and 16?
4
What is the greatest common factor of 8 and 3368?
8
What is the greatest common factor of 195 and 24?
3
What is the greatest common factor of 12008 and 158?
158
Calculate the greatest common divisor of 928 and 638.
58
Calculate the highest common factor of 60 and 90.
30
Calculate the greatest common divisor of 1025 and 3280.
205
Calculate the highest common factor of 5 and 395.
5
What is the highest common factor of 4030 and 279?
31
Calculate the highest common factor of 261 and 58.
29
Calculate the highest common divisor of 1404 and 26.
26
Calculate the highest common factor of 9 and 387.
9
What is the highest common divisor of 125 and 12725?
25
Calculate the greatest common divisor of 765 and 315.
45
Calculate the highest common divisor of 259 and 333.
37
Calculate the greatest common divisor of 15 and 9645.
15
Calculate the greatest common divisor of 432 and 1107.
27
What is the highest common divisor of 559 and 377?
13
What is the highest common factor of 174 and 87?
87
Calculate the highest common factor of 486 and 54.
54
Calculate the highest common divisor of 1720 and 1.
1
What is the highest common divisor of 12 and 309?
3
Calculate the greatest common factor of 24171 and 3.
3
Calculate the greatest common divisor of 16 and 1024.
16
What is the greatest common divisor of 106 and 689?
53
Calculate the greatest common divisor of 25 and 925.
25
Calculate the greatest common factor of 4 and 2.
2
Calculate the highest common divisor of 2 and 22.
2
Calculate the highest common factor of 130 and 104.
26
Calculate the greatest common divisor of 423 and 564.
141
What is the highest common divisor of 465 and 93?
93
Calculate the highest common factor of 80 and 12.
4
Calculate the greatest common divisor of 395 and 237.
79
What is the greatest common factor of 28 and 21?
7
Calculate the greatest common divisor of 11 and 57937.
11
What is the highest common factor of 119 and 16541?
119
What is the greatest common divisor of 46 and 7291?
23
What is the greatest common divisor of 294 and 23961?
147
Calculate the greatest common factor of 54 and 78.
6
Calculate the highest common factor of 48 and 64.
16
Calculate the highest common divisor of 468 and 52650.
234
What is the greatest common divisor of 3071 and 83?
83
Calculate the greatest common factor of 2409 and 876.
219
What is the highest common factor of 8 and 1592?
8
What is the greatest common divisor of 20 and 37770?
10
What is the greatest common divisor of 46 and 2254?
46
Calculate the greatest common divisor 